{"id":13,"date":"2021-04-14T22:42:44","date_gmt":"2021-04-14T20:42:44","guid":{"rendered":"https:\/\/barproject.net\/?page_id=13"},"modified":"2024-10-03T09:19:16","modified_gmt":"2024-10-03T07:19:16","slug":"about","status":"publish","type":"page","link":"https:\/\/barproject.net\/?page_id=13","title":{"rendered":"BAR About"},"content":{"rendered":"<p>BAR project is a curatorial initiative in movement promoting trans-disciplinary dialogue, hospitality, collaboration, and exchange among art and society. BAR project is deeply inspired, taking its name and modus operandi, from the bar, a popular and transcultural meeting place in the countries of Southern Europe and the Mediterranean, as a space of knowledge production thanks to the social relations and informal conversations it generates.<\/p>\n<p>BAR project arises in 2013 as a mobile and non-profit organisation founded and directed by Andrea Rodr\u00edguez Novoa, Veronica Valentini and Juan Canela (until 2021). Its project develops a roaming public program in the city of Barcelona understood as an experimental public space and commonplace for action and exhibition of durational events &#8211; such as performance, conversation, and other artistic gestures, that question current political, social, and economic subjects. These goals are achieved through residencies and pedagogical formats which results are the fruit of dialogue and exchange between local, national and international agents and the socio-cultural fabric of the city.<\/p>\n<div>\n<p>BAR project has hosted more than 150 cultural workers, both independent and institutional, from all continents. It has collaborated with multiple spaces, projects, local and international institutions (Barcelona city council, MACBA, La Virreina Centro de la Imagen, Tapies Foundation, Bodega Armando, angels gallery, Les Laboratoires d\u2019Aubervilliers, Palais de Tokyo, SOMA Mexico, Stroom, Gwangju Biennale, etc).<\/p>\n<p>It has been a resident project at Fabra i Coats (2013-2020), Fundaci\u00f3n Antoni T\u00e0pies (2016-2020), and La Capella (2021-2022). Since November 2023, BAR project has been curating HAUS, Space for Contemporary Art and Practices at BAU, College for Arts and Design. This new exhibition space enables it to continue promoting transnational dialogue between the local and international art scenes from the Poblenou neighborhood through discursive, study, residency, and exhibition programs.<\/p>\n<p>Over the years, BAR project has received financial and in-kind support from sponsors, foundations, individuals, entreprises, institutions and local and national subsidies, such as: Esteban Bernatas, Zumzeig cinema, Fundaci\u00f3n Almayuda, ICUB Instituto de Cultura de Barcelona, Generalitat de Catalunya OSIC, Absolut Vodka, ACE Acci\u00f3n Cultural Espa\u00f1ola, Ministerio de Cultura de Espa\u00f1a, Institut Ramon Llull, Fundaci\u00f3n Banco Santander (Emplea Cultura Grant), Hangar, Fabra i Coats, Fundaci\u00f3n Antoni T\u00e0pies, La Virreina Centro de la Imagen, Tiro al Blanco gallery, among others.<\/p>\n<p>Thanks to them, together with paid educational programmes, it has been possible to finance the activities and the work of the project&#8217;s agents, organisers and collaborators. Luciana Della Villa, Alessa Alcantara, Marina Mart\u00ednez Verges, Alba Vilamala, Helena P\u00e9rez, Amaryllis Zachariadou, Silvia Sorini, Sara Agudo Millan, Gloria Fern\u00e1ndez Mac\u00edas have been collaborators of BAR project.<\/p>\n<p>If you want to collaborate or support the project and the community of professionals that builds up its programme, or schedule an appointment, you can write to <a href=\"mailto:hello@barproject.net\" target=\"_blank\" rel=\"noopener\">hello@barproject.net<\/a><\/p>\n<p>Visit us at HAUS, Carrer de la Ciutat de Granada 34-36 (M Llacuna), Monday to Friday, from 10 am to 1:30 pm and from 3 to 7 pm.<\/p>\n<p>&nbsp;<\/p>\n<p><i>Drinking while walking while hosting while thinking while making together.<\/i><\/p>\n<p>&nbsp;<\/p>\n<\/div>\n<div><img loading=\"lazy\" decoding=\"async\" class=\"wp-image-10222 size-full aligncenter\" src=\"https:\/\/barproject.net\/wp-content\/uploads\/2023\/02\/6b55c941-fa31-f6dc-b82c-603127571424-1.png\" alt=\"\" width=\"100\" height=\"35\" \/><\/div>\n<div><\/div>\n<div><img loading=\"lazy\" decoding=\"async\" class=\"wp-image-10221 aligncenter\" src=\"https:\/\/barproject.net\/wp-content\/uploads\/2023\/02\/lacapella-logo-300x83.png\" alt=\"\" width=\"100\" height=\"28\" srcset=\"https:\/\/barproject.net\/wp-content\/uploads\/2023\/02\/lacapella-logo-300x83.png 300w, https:\/\/barproject.net\/wp-content\/uploads\/2023\/02\/lacapella-logo.png 727w\" sizes=\"auto, (max-width: 100px) 100vw, 100px\" \/><\/div>\n<div><\/div>\n<div><img loading=\"lazy\" decoding=\"async\" class=\"wp-image-10220 aligncenter\" src=\"https:\/\/barproject.net\/wp-content\/uploads\/2023\/02\/gen-cat.png\" alt=\"\" width=\"100\" height=\"30\" \/><img loading=\"lazy\" decoding=\"async\" class=\"aligncenter wp-image-10219 size-full\" src=\"https:\/\/barproject.net\/wp-content\/uploads\/2023\/02\/rrss_logo-e1702330685233.jpg\" alt=\"\" width=\"100\" height=\"77\" \/><\/div>\n<div><img loading=\"lazy\" decoding=\"async\" class=\"wp-image-11596 aligncenter\" src=\"https:\/\/barproject.net\/wp-content\/uploads\/2023\/12\/BAU-logo-ESP@2x-300x101.jpeg\" alt=\"\" width=\"100\" height=\"34\" srcset=\"https:\/\/barproject.net\/wp-content\/uploads\/2023\/12\/BAU-logo-ESP@2x-300x101.jpeg 300w, https:\/\/barproject.net\/wp-content\/uploads\/2023\/12\/BAU-logo-ESP@2x.jpeg 717w\" sizes=\"auto, (max-width: 100px) 100vw, 100px\" \/><\/div>\n<div><img loading=\"lazy\" decoding=\"async\" class=\"wp-image-11597 aligncenter\" src=\"https:\/\/barproject.net\/wp-content\/uploads\/2023\/12\/HAUS_V_N-300x169.png\" alt=\"\" width=\"100\" height=\"56\" srcset=\"https:\/\/barproject.net\/wp-content\/uploads\/2023\/12\/HAUS_V_N-300x169.png 300w, https:\/\/barproject.net\/wp-content\/uploads\/2023\/12\/HAUS_V_N-1024x576.png 1024w, https:\/\/barproject.net\/wp-content\/uploads\/2023\/12\/HAUS_V_N.png 1920w\" sizes=\"auto, (max-width: 100px) 100vw, 100px\" \/><\/div>\n<div><\/div>\n<p style=\"text-align: center;\">Website design: <a href=\"http:\/\/www.todojunto.net\/\" target=\"_blank\" rel=\"noopener\">todojunto.net<\/a><\/p>\n","protected":false},"excerpt":{"rendered":"<p>BAR project is a curatorial initiative in movement promoting trans-disciplinary dialogue, hospitality, collaboration, and exchange among art and society. BAR project is deeply inspired, taking its name and modus operandi,&#8230;<\/p>\n","protected":false},"author":1,"featured_media":8911,"parent":0,"menu_order":1,"comment_status":"closed","ping_status":"closed","template":"","meta":{"footnotes":""},"class_list":["post-13","page","type-page","status-publish","has-post-thumbnail","hentry"],"_links":{"self":[{"href":"https:\/\/barproject.net\/index.php?rest_route=\/wp\/v2\/pages\/13","targetHints":{"allow":["GET"]}}],"collection":[{"href":"https:\/\/barproject.net\/index.php?rest_route=\/wp\/v2\/pages"}],"about":[{"href":"https:\/\/barproject.net\/index.php?rest_route=\/wp\/v2\/types\/page"}],"author":[{"embeddable":true,"href":"https:\/\/barproject.net\/index.php?rest_route=\/wp\/v2\/users\/1"}],"replies":[{"embeddable":true,"href":"https:\/\/barproject.net\/index.php?rest_route=%2Fwp%2Fv2%2Fcomments&post=13"}],"version-history":[{"count":0,"href":"https:\/\/barproject.net\/index.php?rest_route=\/wp\/v2\/pages\/13\/revisions"}],"wp:featuredmedia":[{"embeddable":true,"href":"https:\/\/barproject.net\/index.php?rest_route=\/wp\/v2\/media\/8911"}],"wp:attachment":[{"href":"https:\/\/barproject.net\/index.php?rest_route=%2Fwp%2Fv2%2Fmedia&parent=13"}],"curies":[{"name":"wp","href":"https:\/\/api.w.org\/{rel}","templated":true}]}}